{"id":7854,"date":"2016-06-20T11:03:05","date_gmt":"2016-06-20T11:03:05","guid":{"rendered":"http:\/\/hotelplayalangosteira.com\/?page_id=7854"},"modified":"2024-03-21T10:39:15","modified_gmt":"2024-03-21T10:39:15","slug":"sobre-nosotros","status":"publish","type":"page","link":"https:\/\/hotelplayalangosteira.com\/index.php\/sobre-nosotros\/","title":{"rendered":"Sobre nosotros"},"content":{"rendered":"<p>[et_pb_section fb_built=\u00bb1&#8243; admin_label=\u00bbHeader\u00bb _builder_version=\u00bb4.22.0&#8243; _module_preset=\u00bbdefault\u00bb background_color=\u00bbgcid-a13652f3-2793-4cb6-9d99-526eb1549d6a\u00bb width_tablet=\u00bb80%\u00bb width_phone=\u00bb80%\u00bb width_last_edited=\u00bbon|tablet\u00bb custom_margin=\u00bb30px|30px|30px|30px|true|true\u00bb module_alignment_tablet=\u00bbcenter\u00bb module_alignment_phone=\u00bbcenter\u00bb module_alignment_last_edited=\u00bbon|desktop\u00bb border_radii=\u00bbon|10px|10px|10px|10px\u00bb locked=\u00bboff\u00bb collapsed=\u00bbon\u00bb global_colors_info=\u00bb{%22gcid-a13652f3-2793-4cb6-9d99-526eb1549d6a%22:%91%22background_color%22%93}\u00bb][et_pb_row column_structure=\u00bb2_3,1_3&#8243; _builder_version=\u00bb4.22.0&#8243; _module_preset=\u00bbdefault\u00bb global_colors_info=\u00bb{}\u00bb][et_pb_column type=\u00bb2_3&#8243; _builder_version=\u00bb4.22.0&#8243; _module_preset=\u00bbdefault\u00bb global_colors_info=\u00bb{}\u00bb][et_pb_text _builder_version=\u00bb4.24.2&#8243; _module_preset=\u00bb6a78b234-7752-402f-a7fd-da8d3ec05371&#8243; header_text_color=\u00bb#FFFFFF\u00bb custom_margin=\u00bb||0px||false|false\u00bb hover_enabled=\u00bb0&#8243; global_colors_info=\u00bb{}\u00bb sticky_enabled=\u00bb0&#8243;]<\/p>\n<h1>Hola!<\/h1>\n<p>[\/et_pb_text][et_pb_text _builder_version=\u00bb4.22.0&#8243; _module_preset=\u00bb6a78b234-7752-402f-a7fd-da8d3ec05371&#8243; custom_margin=\u00bb||10px||false|false\u00bb hover_enabled=\u00bb0&#8243; global_colors_info=\u00bb{}\u00bb sticky_enabled=\u00bb0&#8243;]<\/p>\n<h1>Sobre nosotros<\/h1>\n<p>[\/et_pb_text][et_pb_text _builder_version=\u00bb4.24.2&#8243; _module_preset=\u00bb832e45d7-e517-4867-8426-8c9753dfa794&#8243; hover_enabled=\u00bb0&#8243; global_colors_info=\u00bb{}\u00bb sticky_enabled=\u00bb0&#8243;]<\/p>\n<p><strong>Un hotel, recientemente inaugurado, ideal como punto de acogida para sus visitas tanto tur\u00edsticas como profesionales en esta preciosa zona.<\/strong><\/p>\n<p>Concebido para responder tanto al turismo veraniego y familiar como de negocios, siempre encontrar\u00e1 en sus 28 habitaciones una respuesta a sus expectativas m\u00e1s rigurosas.<\/p>\n<p>[\/et_pb_text][\/et_pb_column][et_pb_column type=\u00bb1_3&#8243; _builder_version=\u00bb4.22.0&#8243; _module_preset=\u00bbdefault\u00bb global_colors_info=\u00bb{}\u00bb][et_pb_image src=\u00bbhttps:\/\/hotelplayalangosteira.com\/wp-content\/uploads\/2019\/11\/IMG_3263.jpg\u00bb title_text=\u00bbIMG_3263&#8243; _builder_version=\u00bb4.24.2&#8243; _module_preset=\u00bbdefault\u00bb max_width_tablet=\u00bb200px\u00bb max_width_phone=\u00bb200px\u00bb max_width_last_edited=\u00bbon|tablet\u00bb max_height_tablet=\u00bb200px\u00bb max_height_phone=\u00bb200px\u00bb max_height_last_edited=\u00bbon|tablet\u00bb hover_enabled=\u00bb0&#8243; border_radii=\u00bbon|500px|500px|500px|500px\u00bb border_width_all=\u00bb10px\u00bb border_color_all=\u00bb#FFFFFF\u00bb global_colors_info=\u00bb{}\u00bb sticky_enabled=\u00bb0&#8243;][\/et_pb_image][\/et_pb_column][\/et_pb_row][\/et_pb_section][et_pb_section fb_built=\u00bb1&#8243; admin_label=\u00bbAbout\u00bb _builder_version=\u00bb4.22.0&#8243; _module_preset=\u00bbdefault\u00bb collapsed=\u00bbon\u00bb global_colors_info=\u00bb{}\u00bb][et_pb_row column_structure=\u00bb1_2,1_2&#8243; _builder_version=\u00bb4.22.0&#8243; _module_preset=\u00bbdefault\u00bb global_colors_info=\u00bb{}\u00bb][et_pb_column type=\u00bb1_2&#8243; _builder_version=\u00bb4.22.0&#8243; _module_preset=\u00bbdefault\u00bb global_colors_info=\u00bb{}\u00bb][et_pb_text _builder_version=\u00bb4.24.2&#8243; _module_preset=\u00bba0075558-6c14-4768-93b2-ff09fdc9d308&#8243; hover_enabled=\u00bb0&#8243; global_colors_info=\u00bb{}\u00bb sticky_enabled=\u00bb0&#8243;]<\/p>\n<p><strong>El hotel cuenta con cafeter\u00eda, sal\u00f3n de desayunos, sal\u00f3n de lectura, bar y parking propio.<\/strong><\/p>\n<p>Todos los servicios de comunicaci\u00f3n modernos estar\u00e1n a su disposici\u00f3n, adem\u00e1s de una amplia y completa informaci\u00f3n y documentaci\u00f3n sobre todos los lugares de inter\u00e9s de la zona.<\/p>\n<p>Para el servicio de recepci\u00f3n ser\u00e1 un placer dirigirle durante su estancia en el descubrimiento de la Costa de la Muerte y de sus leyendas.<\/p>\n<p>Establecimiento equipado con instalaciones para personas con discapacidades f\u00edsicas<\/p>\n<p>[\/et_pb_text][\/et_pb_column][et_pb_column type=\u00bb1_2&#8243; _builder_version=\u00bb4.22.0&#8243; _module_preset=\u00bbdefault\u00bb global_colors_info=\u00bb{}\u00bb][et_pb_image src=\u00bbhttps:\/\/hotelplayalangosteira.com\/wp-content\/uploads\/2016\/06\/Habitacion-Superior-con-Terraza-1.jpg\u00bb _builder_version=\u00bb4.24.2&#8243; _module_preset=\u00bbdefault\u00bb title_text=\u00bbHabitacion-Superior-con-Terraza\u00bb hover_enabled=\u00bb0&#8243; sticky_enabled=\u00bb0&#8243;][\/et_pb_image][\/et_pb_column][\/et_pb_row][\/et_pb_section]<\/p>\n","protected":false},"excerpt":{"rendered":"<p>Hola!Sobre nosotrosUn hotel, recientemente inaugurado, ideal como punto de acogida para sus visitas tanto tur\u00edsticas como profesionales en esta preciosa zona. Concebido para responder tanto al turismo veraniego y familiar como de negocios, siempre encontrar\u00e1 en sus 28 habitaciones una respuesta a sus expectativas m\u00e1s rigurosas.El hotel cuenta con cafeter\u00eda, sal\u00f3n de desayunos, sal\u00f3n de [&hellip;]<\/p>\n","protected":false},"author":3,"featured_media":0,"parent":0,"menu_order":0,"comment_status":"closed","ping_status":"closed","template":"","meta":{"_et_pb_use_builder":"on","_et_pb_old_content":"<p>[vc_row vertical_align=\"yes\"][vc_column css=\".vc_custom_1466438480933{background-position: center !important;background-repeat: no-repeat !important;background-size: cover !important;}\"][vc_column_text letter_spacing=\"\"]<\/p><h1 style=\"text-align: center;\"><strong>SOBRE NOSOTROS<\/strong><\/h1><p>[\/vc_column_text][vc_separator color=\"black\" el_width=\"10\"][vc_column_text letter_spacing=\"\"]<\/p><p style=\"text-align: center;\"><b>Un hotel, recientemente inaugurado, ideal como punto de acogida para sus visitas tanto tur\u00edsticas como profesionales en esta preciosa zona.<\/b><\/p><p style=\"text-align: center;\">Concebido para responder tanto al turismo veraniego y familiar como de negocios, siempre encontrar\u00e1 en sus 28 habitaciones una respuesta a sus expectativas m\u00e1s rigurosas.<\/p><p style=\"text-align: center;\"><b>El hotel cuenta con cafeter\u00eda, sal\u00f3n de desayunos, sal\u00f3n de lectura, bar y parking propio.<\/b><\/p><p style=\"text-align: center;\">Todos los servicios de comunicaci\u00f3n modernos estar\u00e1n a su disposici\u00f3n, adem\u00e1s de una amplia y completa informaci\u00f3n y documentaci\u00f3n sobre todos los lugares de inter\u00e9s de la zona.<\/p><p style=\"text-align: center;\">Para el servicio de recepci\u00f3n ser\u00e1 un placer dirigirle durante su estancia en el descubrimiento de la Costa de la Muerte y de sus leyendas.<\/p><p style=\"text-align: center;\">Establecimiento equipado con instalaciones para personas con discapacidades f\u00edsicas<\/p><p>[\/vc_column_text][vc_column_text letter_spacing=\"\"]<img class=\"size-full wp-image-7902 aligncenter\" src=\"https:\/\/hotelplayalangosteira.com\/wp-content\/uploads\/2016\/06\/logo.png\" alt=\"Hotel playa Langosteira\" width=\"290\" height=\"50\" \/>[\/vc_column_text][kleo_social_share][\/vc_column][\/vc_row][vc_row el_id=\"contact\" text_align=\"center\" type=\"image\" vertical_align=\"yes\" padding_top=\"80\" padding_bottom=\"80\" bg_image=\"7984\"][vc_column offset=\"vc_col-lg-offset-3 vc_col-lg-6 vc_col-md-offset-3 vc_col-md-6 vc_col-xs-12\"][vc_single_image image=\"7909\" img_size=\"\" alignment=\"center\"][vc_column_text text_color=\"#ffffff\" font_size=\"15px\" letter_spacing=\"\" css=\".vc_custom_1466498800665{margin-top: 0px !important;}\"]<\/p><p style=\"text-align: center;\">Puede realizar su reserva llamando por tel\u00e9fono, contactando por email o si lo prefiere ponemos a su disposici\u00f3n un formulario de contacto, una vez recibido su mensaje nos pondremos en contacto con Usted con la menor brevedad posible.<\/p><p>[\/vc_column_text][kleo_icon icon=\"phone\" href=\"tel:+981706830\" target=\"_blank\" el_class=\"iconos\" icon_color=\"#000000\"][kleo_icon icon=\"mail-2\" href=\"maito:info@hotelplayalangosteira.com\" target=\"_blank\" el_class=\"iconos\" icon_color=\"#000000\"][kleo_gap size=\"40px\"][\/vc_column][\/vc_row]<\/p>","_et_gb_content_width":"","footnotes":""},"class_list":["post-7854","page","type-page","status-publish","hentry"],"_links":{"self":[{"href":"https:\/\/hotelplayalangosteira.com\/index.php\/wp-json\/wp\/v2\/pages\/7854","targetHints":{"allow":["GET"]}}],"collection":[{"href":"https:\/\/hotelplayalangosteira.com\/index.php\/wp-json\/wp\/v2\/pages"}],"about":[{"href":"https:\/\/hotelplayalangosteira.com\/index.php\/wp-json\/wp\/v2\/types\/page"}],"author":[{"embeddable":true,"href":"https:\/\/hotelplayalangosteira.com\/index.php\/wp-json\/wp\/v2\/users\/3"}],"replies":[{"embeddable":true,"href":"https:\/\/hotelplayalangosteira.com\/index.php\/wp-json\/wp\/v2\/comments?post=7854"}],"version-history":[{"count":19,"href":"https:\/\/hotelplayalangosteira.com\/index.php\/wp-json\/wp\/v2\/pages\/7854\/revisions"}],"predecessor-version":[{"id":8487,"href":"https:\/\/hotelplayalangosteira.com\/index.php\/wp-json\/wp\/v2\/pages\/7854\/revisions\/8487"}],"wp:attachment":[{"href":"https:\/\/hotelplayalangosteira.com\/index.php\/wp-json\/wp\/v2\/media?parent=7854"}],"curies":[{"name":"wp","href":"https:\/\/api.w.org\/{rel}","templated":true}]}}